02111
In base 16, what is a5 - -5c?
101
In base 16, what is -2 - -a1a3?
a1a1
In base 8, what is 2463 + -232?
2231
In base 8, what is 1440 - 143?
1275
In base 10, what is -192421 + 5?
-192416
In base 9, what is 5 - 62142?
-62136
In base 16, what is 0 - 4427c?
-4427c
In base 12, what is 31 - -1b40?
1b71
In base 11, what is -15108 - -1?
-15107
In base 3, what is -101221 + 112112112?
112010121
In base 10, what is -399865 + 2?
-399863
In base 15, what is 7c81 - -84?
7d15
In base 16, what is 1bfb + -27f?
197c
In base 16, what is 14b59 + -3?
14b56
In base 14, what is -3cb + 8?
-3c3
In base 4, what is 11203 + -10311?
232
In base 6, what is -123152 + 5?
-123143
In base 11, what is -4 - 6936?
-693a
In base 7, what is 3 + 223364?
223400
In base 8, what is -1 + 4227176?
4227175
In base 13, what is -34 - 14?
-48
In base 2, what is -1101 + -100011110010?
-100011111111
In base 16, what is 0 + 1cdb?
1cdb
In base 9, what is 2 - -43131?
43133
In base 2, what is 1101001011111 - -110000?
1101010001111
In base 10, what is 25 - 1856?
-1831
In base 5, what is -142 + -34434?
-40131
In base 6, what is -2 + -30031410?
-30031412
In base 11, what is -276 + 209?
-68
In base 15, what is 41d4c - 4?
41d48
In base 15, what is -18ebb + 0?
-18ebb
In base 13, what is 843 + 36?
879
In base 2, what is 10 + 1011111100001?
1011111100011
In base 5, what is 1403 - 104220?
-102312
In base 12, what is -12310 - 0?
-12310
In base 6, what is 100020 - -5?
100025
In base 6, what is 24230 + 0?
24230
In base 12, what is -4a205 + -17?
-4a220
In base 16, what is b + 76?
81
In base 16, what is -344 + -1c5?
-509
In base 13, what is a73 - 12?
a61
In base 13, what is 1683b - 1?
1683a
In base 8, what is 317 - 7355?
-7036
In base 10, what is 1 - 5261?
-5260
In base 6, what is 1 + -211421?
-211420
In base 5, what is 2 + -33220?
-33213
In base 13, what is -3051 + -4?
-3055
In base 10, what is -2743 - -109?
-2634
In base 10, what is -1552 - -18?
-1534
In base 6, what is -2 + -4513302?
-4513304
In base 6, what is 11 + -322?
-311
In base 13, what is -11ac9 - 4?
-11b00
In base 13, what is -39 + -1a4?
-210
In base 3, what is 102120122100 + 11?
102120122111
In base 8, what is -346047 - 0?
-346047
In base 4, what is -2100033112 + 11?
-2100033101
In base 7, what is 0 - 40044?
-40044
In base 14, what is -343 + 5d?
-2c4
In base 6, what is -2442420 - 3?
-2442423
In base 3, what is 10 + 222020201?
222020211
In base 3, what is -21012 + -122100?
-220112
In base 8, what is -20 - -1214?
1174
In base 5, what is -2 - 233201?
-233203
In base 8, what is -1 + 14715?
14714
In base 14, what is b324 + d?
b333
In base 13, what is 408144 + -2?
408142
In base 3, what is 2 + 220001?
220010
In base 10, what is 532 + -48?
484
In base 8, what is 5 + -25552?
-25545
In base 4, what is 1113003 - -122?
1113131
In base 6, what is -222 - -4355?
4133
In base 15, what is 1 + -13587b?
-13587a
In base 6, what is -1025121532 - 0?
-1025121532
In base 4, what is -112230012 + -3?
-112230021
In base 7, what is 5 - 513323?
-513315
In base 4, what is 1121222103 - 10?
1121222033
In base 16, what is d7 + -59?
7e
In base 13, what is 165c + -2?
165a
In base 6, what is 153 - 2415?
-2222
In base 3, what is 212220112021 + 22?
212220112120
In base 15, what is -54d + e?
-53e
In base 16, what is 3bd - d1?
2ec
In base 16, what is -179 - 91?
-20a
In base 8, what is -5707400 - 3?
-5707403
In base 5, what is -44 + 14234?
14140
In base 5, what is 1104 - 1343?
-234
In base 7, what is -62 + 41335?
41243
In base 3, what is -210120 - 212112?
-1200002
In base 4, what is -303113200 + 11?
-303113123
In base 10, what is -105212 - 19?
-105231
In base 2, what is -10000000000000 + -1100?
-10000000001100
In base 9, what is 1 - -428830?
428831
In base 12, what is -3 - -13ab08?
13ab05
In base 7, what is -4 - -2254343?
2254336
In base 15, what is -9 + -1234?
-123d
In base 4, what is -2123 - -23230?
21101
In base 12, what is 231 - 92?
15b
In base 6, what is 101 + 10432?
10533
In base 2, what is 110111111 - 10011001101?
-1100001110
In base 3, what is 221111 - -2201011?
10122122
In base 4, what is 200323 - -13200?
220123
In base 5, what is 132021 + -11001?
121020
In base 3, what is -100 + -102222121?
-102222221
In base 8, what is 415223 - 2?
415221
In base 15, what is 2 - -206a?
206c
In base 10, what is -38911 - -4?
-38907
In base 5, what is -30033 + 1214?
-23314
In base 13, what is 1 + 1529cb?
1529cc
In base 9, what is 10 + 26760?
26770
In base 6, what is -1 - 52454342?
-52454343
In base 8, what is 1407 - 1302?
105
In base 4, what is 23 - -2031111011?
2031111100
In base 5, what is 22410 - -14?
22424
In base 9, what is -42 - -31632?
31580
In base 13, what is -6700 + 1?
-66cc
In base 7, what is 103 - 6426?
-6323
In base 3, what is 12 + 1110012101?
1110012120
In base 15, what is 3 + a837?
a83a
In base 15, what is 4e4a + 5?
4e50
In base 8, what is 134675 + 43?
134740
In base 13, what is 4397 + 3?
439a
In base 6, what is -12311011 + 11?
-12311000
In base 12, what is 1771516 - -5?
177151b
In base 14, what is -15 - -b5?
a0
In base 13, what is 93 + 778?
83b
In base 7, what is -4540 + 14?
-4523
In base 11, what is -1a78a3 - 3?
-1a78a6
In base 2, what is 10111011 - 110?
10110101
In base 8, what is 3145 + -11?
3134
In base 9, what is -17776 + 4?
-17772
In base 9, what is -70423 - 0?
-70423
In base 16, what is 10e - -13a3?
14b1
In base 9, what is 26637 - -3?
26641
In base 5, what is -31 - 1222104?
-1222140
In base 13, what is 1c95 - 17?
1c7b
In base 8, what is 71204 - 103?
71101
In base 10, what is 6 - -7227?
7233
In base 5, what is -44043220 - 10?
-44043230
In base 8, what is 1 + 461320?
461321
In base 16, what is -6 - 883d?
-8843
In base 15, what is 29 + 315?
33e
In base 2, what is 10110100101010010001 - 0?
10110100101010010001
In base 6, what is -4 - -2215524?
2215520
In base 8, what is 12077 - 6?
12071
In base 11, what is 2372 + -125?
2248
In base 4, what is 20 + 13112322?
13113002
In base 8, what is -34 - 13121?
-13155
In base 3, what is -11211110 - -1?
-11211102
In base 13, what is -10 - -68a?
67a
In base 13, what is -722 - 23?
-745
In base 4, what is -33311 + 321?
-32330
In base 16, what is -4 - -3244?
3240
In base 3, what is -200 + -2102210?
-2110110
In base 10, what is 362 - -257?
619
In base 7, what is 2240610 + -14?
2240563
In base 11, what is -12604 + 2?
-12602
In base 11, what is a3a28 - -18?
a3a45
In base 2, what is 1000001101000010111 + 11?
1000001101000011010
In base 14, what is -6 + -2d7c6?
-2d7cc
In base 6, what is -2251244 + 1?
-2251243
In base 8, what is 153 + -7753?
-7600
In base 8, what is -6077 - -561?
-5316
In base 15, what is 4 + 217?
21b
In base 5, what is 4 + -232022?
-232013
In base 9, what is 6 + 44201?
44207
In base 7, what is 20 - 414?
-364
In base 3, what is 2022012211200 + -2?
2022012211121
In base 5, what is 2002 + 3300?
10302
In base 11, what is -1a895 + 2?
-1a893
In base 2, what is -101000100011 - 10010?
-101000110101
In base 3, what is 0 - 222110010?
-222110010
In base 5, what is -20 + -23213?
-23233
In base 9, what is -6335 - 10?
-6345
In base 7, what is 15160546 - 4?
15160542
In base 16, what is 3c44 + -13?
3c31
In base 7, what is -6155 - 1531?
-11016
In base 3, what is -21002201101 + -112?
-21002201220
In base 16, what is 1 + -12d32?
-12d31
In base 2, what is 100000110010001 + -101?
100000110001100
In base 6, what is -1050 - -13550?
12500
In base 15, what is 2 - -160226?
160228
In base 10, what is 1495478 - 4?
1495474
In base 3, what is -1 - -1102001102?
1102001101
In base 3, what is 10 + 21121002021?
21121002101
In base 8, what is 2225 - -1303?
3530
In base 10, what is 233 - -57?
290
In base 6, what is -30040 + -31?
-30111
In base 15, what is -1 - -1c81?
1c80
In base 13, what is -1 - 15771?
-15772
In base 10, what is -4 - -71057?
71053
In base 6, what is 3 - 11224405?
-11224402
In base 2, what is 1101111 - -100101110?
110011101
In base 13, what is 271 + -957?
-6b6
In base 15, what is -10a5 + -1a?
-10c0
In base 13, what is a59 + -724?
335
In base 14, what is 2c7 - 5a4?
-2bb
In base 3, what is -12201002001010 - 10?
-12201002001020
In base 14, what is 0 + -23aa7?
-23aa7
In base 7, what is -2 - 5542?
-5544
In base 9, what is 84 + -6516?
-6422
In base 15, what is 2 - -444?
446
In base 4, what is 121300032 - 122?
121233310
In base 9, what is -1 - 276287?